ppose 4*i = u*i - 315. List the prime factors of i.
3, 7
Suppose 1 = -3*v - a + 86, -4*a - 80 = -2*v. Let z = v + 100. What are the prime factors of z?
2, 5, 13
Let i = 14 - -33. Let x = 115 - i. What are the prime factors of x?
2, 17
Let z(m) = 35*m**3 - m**2 - m + 1. Let q be z(1). Let o = 110 + -23. Let k = o - q. What are the prime factors of k?
53
Suppose -3*s - 541 = -5*r + 363, -542 = -3*r + 2*s. List the prime factors of r.
2, 7, 13
Let y(p) = 5*p**2 - 18*p - 41. What are the prime factors of y(-6)?
13, 19
Let t = 43 - 26. Suppose -h + 3*n + t = 0, 2*h + 2*n + 8 = h. Let p(m) = 8*m**2 + m. List the prime factors of p(h).
2, 17
Let k = 10 + -18. Let a = -241 - -243. List the prime factors of ((-4)/k)/(a/196).
7
Let p = 126 - -212. What are the prime factors of p?
2, 13
Let j(m) be the second derivative of 7*m**3/6 - 3*m**2 - 8*m. Suppose 4*i - 2*c + 5 = 27, -4 = 4*c. What are the prime factors of j(i)?
29
What are the prime factors of 227/(13/(-7) - 32/(-16))?
7, 227
What are the prime factors of (-235 - 0)/((-62)/10 + 6)?
5, 47
Let n(s) be the second derivative of s**4 + s**3/3 + 4*s**2 + 17*s. List the prime factors of n(-4).
2, 3
Let c = -90 + -16. Let p = 111 + c. What are the prime factors of p?
5
Let v be -3*(2 + 0)*-1. Suppose v*n - 34 = 248. List the prime factors of n.
47
Suppose 3*n = 2*n + 32. Let i(f) = 37*f - 24*f + 2 + n*f. What are the prime factors of i(1)?
47
Let z be (-56)/(-26) - (-8)/(-52). Suppose -u + p = 4*p - 222, -2*p - 412 = -z*u. What are the prime factors of u?
2, 3, 5, 7
Let b(a) be the third derivative of a**5/30 + a**4/12 + 3*a**3 - 24*a**2. What are the prime factors of b(-10)?
2, 3, 11
Let g = 2 - 4. List the prime factors of 2*33*(-2 - (g + -1)).
2, 3, 11
Suppose 0*s + 2*v = -s + 11, 3*v = -2*s + 18. Suppose 0*p + 147 = s*p - 3*n, 2*n = p - 48. Suppose 272 = 3*w + p. List the prime factors of w.
2, 37
Let o = -14 - -15. Let u = 1 - o. Suppose u = 3*j - 76 - 44. List the prime factors of j.
2, 5
Let x = -1791 - -3077. What are the prime factors of x?
2, 643
Suppose 0 = -4*k + 2*k. Let t be 2/(-4)*k/3. List the prime factors of 1 + t + -3 + 46.
2, 11
Suppose 18*c + 3210 = 23*c. What are the prime factors of c?
2, 3, 107
Let u = 33 + -8. Suppose -w - 74 = -3*g - u, -w = g - 15. List the prime factors of g.
2
Let o(c) = -94*c + 1. Let b(n) = -n**2 - n + 1. Let y be b(-2). List the prime factors of o(y).
5, 19
Let l(j) = -j**3 - 3*j**2 + 4*j + 2. Let n be l(-4). Suppose -n*i + 1 = -0*q - 5*q, 10 = q + 3*i. List the prime factors of 13 + (q - (-6)/(-2)).
11
Let m(u) = -5*u + 10. Let l = -6 + 18. Let f be m(l). Let k = f + 91. List the prime factors of k.
41
Let y(q) = q**2 - 4*q - 7. Let b be y(6). Suppose -4*p = -b*p + 187. List the prime factors of p.
11, 17
Suppose -27*s = -28*s - 25. Let c = s + 38. What are the prime factors of c?
13
Let f(r) = 2*r**3 - 74*r**2 - 53*r + 105. List the prime factors of f(38).
11, 89
Let g = 137 + -115. List the prime factors of g.
2, 11
Suppose 5*k + k + 1068 = 0. Let y = k + 275. List the prime factors of y.
97
Suppose -2*y - l = 46, 0 = -4*l + 2*l. Let f(j) = -j**2 - 24*j - 14. What are the prime factors of f(y)?
3
Let y(u) be the first derivative of 7 + 2*u + 5/2*u**2. List the prime factors of y(4).
2, 11
Suppose 0 = 23*s - 28*s + 1370. Let k = s + -69. What are the prime factors of k?
5, 41
Suppose 4*d - 1302 = -4*r + 522, 3*r = -2*d + 909. What are the prime factors of d?
3, 17
Suppose 4*s = 2*v - 8, -2*v + 7*v - 11 = s. Suppose v = x + x. Suppose -q - x = -17. What are the prime factors of q?
2
Suppose 2*j + 10 = -4*d + 2, -j + d - 4 = 0. List the prime factors of (972/24)/((-2)/j).
3
Let d(t) = 147*t**3 + 7*t**2 - 18*t + 3. What are the prime factors of d(2)?
1171
Let c = 20 - 24. List the prime factors of (2 + (-280)/12)/(c/18).
2, 3
Suppose 5*t = -5*h + 55, 2*h = h + 3. Let z(x) = x**2 + 9*x - 4. List the prime factors of z(t).
2, 3, 11
Let c = -2 + 13. Suppose 1452 = c*h - 5*h. List the prime factors of h.
2, 11
Let o(d) = -35*d + 9. Let l(b) = 70*b - 19. Let p(j) = -4*l(j) - 9*o(j). List the prime factors of p(6).
5, 41
Suppose -2*n - 2254 = -16*v + 14*v, 1118 = v + 2*n. What are the prime factors of v?
2, 281
Let k(i) be the third derivative of i**6/80 - i**5/40 - 7*i**4/24 + 8*i**2. Let f(j) be the second derivative of k(j). List the prime factors of f(5).
2, 3, 7
Suppose -17996 = -5*n - 4046. List the prime factors of n.
2, 3, 5, 31
Let x be ((-1797)/(-9))/(2/12). Suppose -18*h = -x - 278. List the prime factors of h.
2, 41
Let f = -41 - -45. Suppose 2 = f*s - 146. What are the prime factors of s?
37
Suppose -3*k - 17 = 4. Let n(h) = h**3 + 7*h**2 - 12*h - 5. List the prime factors of n(k).
79
Suppose -5*n + a = -42, a + 17 = 3*n - 9. Suppose n = x + 2. Let f(d) = -d**2 + 8*d + 4. List the prime factors of f(x).
2
Let m be 7*((-40)/28)/(-5). Suppose w + 4*u + 14 = 0, m*w + 4*u + 6 = -6. Suppose 9 = g - 10*a + 5*a, -51 = -w*g - a. List the prime factors of g.
2, 3
Let a(s) = s**2 - 9*s - 6. Let j be a(8). Let m = 21 - j. What are the prime factors of m?
5, 7
Suppose 7493 + 571 = 14*u. What are the prime factors of u?
2, 3
Let o = -35 + 14. Let c = o - -35. List the prime factors of 35/c*(2 - 0).
5
Let b(w) = -w - 3. Let x be b(-6). Suppose t = 5*t - 12. Suppose x*y = 4*m - 52, -m - t*y + 13 = y. List the prime factors of m.
13
Suppose -3*x + 4*x - 1638 = -2*d, 5*d = -4*x + 6549. What are the prime factors of x?
2, 409
Let b be ((-1 - -11) + -6)/2. Let t = -366 - -183. What are the prime factors of t/b*(-24)/36?
61
Let r be 805/2*(-8)/10*-1. Suppose r = 8*v + 90. List the prime factors of v.
29
Suppose -2*y - 10 = 5*m, 25 = -2*y - 3*y - 2*m. Let r be y + 1*(3 - 2). List the prime factors of 4*r/((-32)/86).
43
Let x be (2/1)/((-5)/((-2060)/(-8))). Let g = 34 - x. List the prime factors of g.
137
Suppose -1765*h = -1752*h - 9516. What are the prime factors of h?
2, 3, 61
Suppose -29 = -4*b - 5*k, 0 = -b + 3*k - 2*k - 4. List the prime factors of (0 - b)/((-1)/33).
3, 11
Let y be ((-1)/(-1))/((-1)/3). Let v be y/(-2)*64/3. Let w = -21 + v. List the prime factors of w.
11
Suppose -z = 4*z - 35. Suppose -4*t = -8 - 260. Let o = t + z. List the prime factors of o.
2, 37
Let b be (-192)/(-40) + (-8)/10. Suppose -p + 60 = 2*h, 0 = -0*h - b*h + 4*p + 132. What are the prime factors of h?
31
Suppose 4*s - 3*t - 5 = 0, -3*s + t = 2 - 12. Suppose -5*g - 301 + 6 = -3*i, 0 = s*i - 3*g - 513. What are the prime factors of i?
3, 5, 7
Suppose 9*i = -9638 + 51668. List the prime factors of i.
2, 5, 467
Suppose -2405 + 665 = -5*m. What are the prime factors of m?
2, 3, 29
List the prime factors of 3 - (5 + -10 + 322)/(-1).
2, 5
Let i(k) = -3*k - 12. Let o be i(-7). Suppose 0 = o*x - 10*x + 73. List the prime factors of x.
73
Let h(a) = -143*a + 198. What are the prime factors of h(-6)?
2, 3, 11
Let v be (-3 + 1)*455/(-5). List the prime factors of v/7 + (2 - -1).
29
Let w = 421 + -412. List the prime factors of w.
3
Let x = -46 - -42. Let j(g) = g**2 - 3*g + 6. What are the prime factors of j(x)?
2, 17
Let y = 76 + -79. Suppose 0*a = -4*a - 5*n + 59, 2*a + 3*n - 31 = 0. Let z = a + y. List the prime factors of z.
2
Let k(x) = -x**3 - 8*x**2 - 3*x - 15. Let a be k(-6). List the prime factors of (-2)/9 - (-50)/(-18) - a.
2, 3, 11
Let x be (24/5)/(8/20). Suppose -5*m + o = -o + 113, 3*o = x. Let u = 25 + m. What are the prime factors of u?
2
Let q = 2 - -2. Suppose 0 = -3*l + 3*w, -7*l = -3*l - w - 9. Let g = l + q. What are the prime factors of g?
7
Suppose -3 - 7 = 5*w. Let d be ((-6)/(-4))/((-1)/w). Suppose 0*a = -d*a + 78. List the prime factors of a.
2, 13
Let q = -382 - -387. Suppose 2*h - 3*t - 216 = -0*h, -5*h - 2*t + 540 = 0. Suppose 91 = 4*m - q*c, -2*c + 14 = 5*m - h. List the prime factors of m.
2, 3
Suppose -4*d + 3*a + 17 = -7, -2*a = -d + 11. Suppose 192 = d*m + 5*c, -m - 3*c - 354 = -6*m. What are the prime factors of m*(-4)/(-6) - 1?
3, 5
Suppose 619 + 2876 = 5*j. List the prime factors of j.
3, 233
Let q = 186 + -66. Let v = q - 95. What are the prime factors of v?
5
Suppose 0 = -17*i + 11*i + 6. Let l(g) = 45*g + 9. List the prime factors of l(i).
2, 3
Let j be 1/(3 + (-15)/6). Suppose -d = 3*w - j*w + 2, -d + 1 = 4*w. List the prime factors of 23 + (0 - w)*